when v(-4) is divided by 21?
20
Let o = -3 - -1. Let a(k) = 5*k**2 + 2*k + 2. What is the remainder when 2/(-2 + 106/52) is divided by a(o)?
16
Let d(v) = 4*v - 3. Suppose -4*z + m = -29, -z - m = z - 13. Suppose a + 0*s = -2*s + z, -5*a + 5*s = -80. Calculate the remainder when d(7) is divided by a.
12
Suppose 3*m + 194 = 4*i + m, 0 = i - 5*m - 53. What is the remainder when i is divided by 13?
9
Suppose 4*r + 4*f = 60, -29 = -2*r + f - 4*f. Let x = -9 + r. What is the remainder when 19 is divided by x?
5
Let h be (-6)/27 + (-40)/(-18). Let t be (-2)/7*(-14)/2. Let w = h + t. Calculate the remainder when w is divided by 2.
0
Suppose -5*s + 8*s = -15. Let l(a) = a**2 + 4*a - 3. Let v be l(s). What is the remainder when 44 is divided by 0 + v + -3 - -16?
14
Let g(o) = o**3 + 8*o**2 + 6*o - 2. Calculate the remainder when g(-6) is divided by 12.
10
Let y(h) = -2*h. Let b be y(-1). Let j(a) = 2 - a**b - 2 - 6*a + 3*a**2. What is the remainder when 38 is divided by j(5)?
18
Let j be (-6 - 0)/(-2) + -1. Suppose -5*b = -4*p - 0*b + 85, 4*b = 4*p - 80. Calculate the remainder when (j - 58)*(-2)/4 is divided by p.
13
Let h be (-1 + 0/(-3))*-6. Suppose h*m = m + 30. Calculate the remainder when (-96)/(-15)*(-5)/(-2) is divided by m.
4
Calculate the remainder when ((-27)/(-15))/(3/30) is divided by 12.
6
Let m(y) be the second derivative of y**4/12 + y**3/2 - 3*y**2/2 - 5*y. What is the remainder when 26 is divided by m(2)?
5
Let o be 1 + (-21)/((-3)/1). Suppose -o*a + 4*a = -160. What is the remainder when a is divided by 7?
5
Suppose -2*j + m - 63 = -2*m, -4*m = 4*j + 76. Let k be 4/j - 19/(-6). Suppose -4*c + 71 = k. What is the remainder when c is divided by 6?
5
Let i(x) = -3*x + 4. Calculate the remainder when 75 is divided by i(-5).
18
Let b be -6 - (0 - -3 - 3). Let y(x) = -4*x - 9. Calculate the remainder when 57 is divided by y(b).
12
Suppose 2 = 3*g - 7. Suppose 4*s + 122 = 5*c, -g*s + 45 = 3*c - 12. Calculate the remainder when 87 is divided by c.
21
Let f(x) = -x**3 + 3*x**2 - 3. Let j be f(3). Let c = 8 + j. Suppose -c*v = -2*v - 27. What is the remainder when v is divided by 5?
4
Let u be (20/12)/(-5)*-15. Suppose 4*c = -c + u. Let w(f) = -f**3 + 4*f**2 - 4*f + 3. What is the remainder when w(2) is divided by c?
0
Suppose -3*z + 149 = -73. What is the remainder when z is divided by 19?
17
Let z = 28 - 18. Suppose 0*m - 55 = -5*m. What is the remainder when (5/z)/((-1)/(-62)) is divided by m?
9
What is the remainder when 54 is divided by (27 + -2 + -1)*(-2)/(-3)?
6
Let j be -15*7/(105/(-6)). Let v = j - -5. Suppose 0 = 3*k - 4*y - 73, -3*k - 13 + 101 = -y. What is the remainder when k is divided by v?
9
Calculate the remainder when 39 is divided by 4/(3*6/63).
11
Suppose -4*b + 3*u + 18 = -3*b, -b + 19 = -4*u. Let c = b - 9. Calculate the remainder when (4/3)/(4/c) is divided by 2.
0
Suppose -9 = -2*i + 3. Suppose 0 = -u + 25 - 3. What is the remainder when u is divided by i?
4
Suppose -5*r + 27 = -18. Calculate the remainder when 15 is divided by r.
6
Suppose 2*a - 8 = -k, -4*a + 5*k = 16 - 4. What is the remainder when 4 is divided by a?
0
Suppose 3*z - 3*n + 2*n = 57, -n - 3 = 0. Let x = 21 + -10. Suppose 0 = -2*c + 4*g + 18, 2*c - 4*g = c + x. What is the remainder when z is divided by c?
4
Suppose 2*q = -3 + 9. Let o = q - -15. What is the remainder when o is divided by 7?
4
Let f = 28 + -1. Calculate the remainder when (-6848)/(-88) - 6/(-33) is divided by f.
24
Let c = -8 + 29. What is the remainder when 38 is divided by c?
17
Let i(o) = o + 3. Let f be i(0). Let v = -3 + f. Suppose 5*l - 50 = -v*l. What is the remainder when l is divided by 4?
2
Let y = 32 + -9. Suppose 0 = l - 4*l - 15, -p + 37 = -5*l. What is the remainder when y is divided by p?
11
Suppose 35 = 5*i - 5*p, -2*p + 5*p + 7 = -4*i. Suppose g + i*g = 48. Suppose 5*c - 4 = g. What is the remainder when 6 is divided by c?
2
Suppose 2*f - 50 = 2*v - 4*v, 2*f = v - 10. What is the remainder when (-2 + 42 - 3) + 2 is divided by v?
19
Let i = 1333 - 1937. Let a be (-6)/9 - i/6. Suppose -4*m = -u - 221, -4*m - 2*u + 130 + a = 0. What is the remainder when m is divided by 19?
18
Let v be (-18)/(-8) - (-1)/(-4). Suppose -3*x + 12 = v*b, 0 = -0*x - 2*x + 4*b + 8. Suppose -x*n = 3 - 31. Calculate the remainder when 13 is divided by n.
6
Let i(c) = c**3 - 2*c + 19. Calculate the remainder when i(0) is divided by 11.
8
Let m = -48 - -72. Calculate the remainder when 92 is divided by m.
20
Let z = 8 - 5. Suppose h + 4 = -h - 4*s, 0 = 4*h - 3*s - 47. Calculate the remainder when h is divided by (-3)/z - -1*4.
2
Suppose 0 = 5*k - 13 + 53. Let h(w) = w**2 + 5*w - 1. What is the remainder when 67 is divided by h(k)?
21
Let f = -16 + 21. Suppose 5*w - 54 = 3*b - 6*b, -2*b = f*w - 41. Calculate the remainder when 24 is divided by b.
11
Suppose -4*u - 5 = -17. Suppose u*n - 7*n + 168 = 0. Suppose 12 = 4*t, -105 = -4*d + 3*t + n. Calculate the remainder when d is divided by 14.
11
Calculate the remainder when 13 is divided by (-54)/(-36)*(-10)/(-3).
3
Let g = 74 + -43. What is the remainder when g is divided by 11?
9
Suppose -15 = -5*w + 20. Let c(i) = i**3 + 2*i**2 - 3*i + 4. Let v(o) = -o. Let q be v(3). Calculate the remainder when w is divided by c(q).
3
Let b(w) = w**3 - 6*w**2 - 3*w - 11. Suppose 5*g - 7 - 243 = 0. What is the remainder when g is divided by b(7)?
16
Suppose -4*u = 4*z - 98 - 10, 4*z = -5*u + 113. Let r = z + -3. Calculate the remainder when 55 is divided by r.
17
Suppose 2*o + o - 51 = 0. Let i = -60 - -67. Calculate the remainder when o is divided by i.
3
Suppose 4*z - 3*b - 57 = 0, 3*z + 4*b - 34 = 15. Suppose -72 + 13 = -w. What is the remainder when w is divided by z?
14
Let p(l) = -5*l + 8. Let k be p(7). Let i = -15 - k. What is the remainder when 33 is divided by i?
9
Let r(n) = n**2 + 8*n + 8. Calculate the remainder when r(-11) is divided by 24.
17
Suppose -68 = -2*u - 24. Let y = -10 + 18. Calculate the remainder when u is divided by y.
6
Let j(f) = -4 + 25*f - 23*f - f**3 + 0 + 11*f**2. What is the remainder when j(11) is divided by (-6)/4*(-40)/6?
8
Let t = -4 - -6. Suppose -y + 3 = -t. What is the remainder when y is divided by 2?
1
Let g(h) = -h**2 + 4*h + 1. Suppose 3*z - 10 = 2. Calculate the remainder when 5 is divided by g(z).
0
Let t(h) = -2*h**3 + 21*h**2 + 7*h - 17. Let x(a) = a**3 - 10*a**2 - 3*a + 9. Let y(p) = 2*t(p) + 5*x(p). What is the remainder when 3 is divided by y(8)?
0
Suppose t = -4*m + 405, -3*m + t = 5*t - 307. Suppose 4*x - 3*x = 26. What is the remainder when m is divided by x?
23
Let v = 5 + -3. Suppose -3*l + 4*a = -0*a + 7, -a = -2*l + v. Suppose 0 = 2*c + l*c - 25. Calculate the remainder when 9 is divided by c.
4
Let q(d) = -16*d - 1. What is the remainder when q(-1) is divided by 6?
3
Let d(x) = -12*x**3 - 3*x**2 - 2*x - 3. Suppose m + 4*u = 14, 34 + 26 = 3*m + 3*u. What is the remainder when d(-2) is divided by m?
19
Suppose 0 = -10*j + 6*j + 116. Calculate the remainder when 84 is divided by j.
26
Let o = -80 + 214. Calculate the remainder when o is divided by 34.
32
Suppose 5*r - 49 = 3*j - 0*j, 5*r + 5*j = 25. What is the remainder when 15 is divided by r?
7
Suppose -3*a - 12 = -5*a. Calculate the remainder when (-146)/(-8) + a/8 is divided by 5.
4
Let s(x) = -2*x + 9. Let h(u) = -3*u + 13. Let f(v) = -5*h(v) + 8*s(v). Calculate the remainder when f(-5) is divided by 5.
2
Suppose -18 = 2*d - 5*d. Let r be 4/(-6) + 22/d. Suppose 22 = r*p + 7. Calculate the remainder when 18 is divided by p.
3
Let z(u) = -7*u**2 + 12*u + 10. Let h(o) = -6*o**2 + 12*o + 9. Let q(i) = 6*h(i) - 5*z(i). Calculate the remainder when q(7) is divided by 20.
19
Calculate the remainder when 30 is divided by 2/(-3) + (-58)/(-6).
3
Suppose -u + 322 = u. Suppose -h + 2*h = 4*t - u, 199 = 5*t - 2*h. What is the remainder when t is divided by 14?
13
Calculate the remainder when 9/(-15)*23*(-3 - 2) is divided by 14.
13
Let r be -3 + 0 + 4 + 1. Suppose -3 - 3 = 2*y, 4*y = -r*d + 20. Calculate the remainder when 93 is divided by d.
13
Let r(k) = -k**2 + 12*k + 6. What is the remainder when 63 is divided by r(9)?
30
Let o(a) = -a**2 + 7*a - 1. What is the remainder when 2*(-3 + 25/2) is divided by o(4)?
8
Let h be 4/14 + 12/7. Suppose -2*z = -h*w - 0*